{"id":1160,"date":"2023-05-11T13:48:37","date_gmt":"2023-05-11T10:48:37","guid":{"rendered":"https:\/\/gbni.usm.md\/?page_id=1160"},"modified":"2023-05-11T13:49:16","modified_gmt":"2023-05-11T10:49:16","slug":"13-820-18-04-roa-evaluarea-si-caracterizarea-resurselor-genetice-la-specii-de-lamiaceae-cu-potential-antiinflamator-in-vederea-conservarii-in-situ-si-ex-situ-acronim-egre-laic","status":"publish","type":"page","link":"https:\/\/gbni.usm.md\/?page_id=1160","title":{"rendered":"13.820.18.04\/RoA \u2013 Evaluarea \u015fi caracterizarea resurselor genetice la specii de Lamiaceae cu poten\u0163ial antiinflamator, \u00een vederea conserv\u0103rii in situ \u015fi ex situ (Acronim: EGRE-LAIC)"},"content":{"rendered":"<p><strong>Proiect din cadrul Programului de colaborare bilateral\u0103 \u00eentre Academia de \u015etiin\u0163e a Moldovei \u015fi Autoritatea Na\u0163ional\u0103 pentru Cercetare \u015etiin\u0163ific\u0103 din Rom\u00e2nia.<\/strong><\/p>\n<p><u>Institu\u0163ii partenere privind implementarea proiectului<\/u>:<br \/>\nCentrul de Cercet\u0103ri Biologice \u201eStejarul\u201d, Piatra Neam\u0163, Rom\u00e2nia<br \/>\nGr\u0103dina Botanic\u0103 (Institut) a Academiei de \u015etiin\u0163e a Moldovei<\/p>\n<p><u>Obiectivul general<\/u> al proiectului vizeaz\u0103 aspecte privind conservarea \u015fi valorificarea sustenabil\u0103 a unor specii de Lamiaceae \u2013 mai pu\u0163in abordate \u00een Rom\u00e2nia \u015fi Republica Moldova din genurile Nepeta, Agastache, Perilla \u015fi Lamium, cu poten\u0163ial antiinflamator prin ac\u0163iunea antioxidant\u0103 a claselor de compu\u015fi biologic activi (compu\u015fi polifenolici).<\/p>\n<p><u>Obiective specifice<\/u><br \/>\n\u2022 aspecte privind studiul sub aspect taxonomic, al distribu\u0163iei, inventarierii \u015fi descrierii habitatelor naturale de cre\u015ftere, analiza habitatelor naturale \u00een areale studiate \u015fi identificarea riscurilor, amenin\u0163\u0103rilor poten\u0163iale;<br \/>\n\u2022 caracterizarea biomorfologic\u0103 a speciilor din genurile Nepeta, Agastache, Perilla \u015fi Lamium din colec\u0163ii \u015fi agrosisteme care fac obiectul culturilor;<br \/>\n\u2022 analiza fitochimic\u0103 calitativ\u0103 \u015fi cantitativ\u0103 a materialului vegetal prelevat de la speciile din popula\u0163iile naturale \u015fi cultura \u00een c\u00e2mp, stabilirea parametrilor optimi de calitate a materialului vegetal, pentru extrac\u0163ie \u015fi metodele de analiz\u0103;<br \/>\n\u2022 corelarea \u00eentre capacitatea antioxidant\u0103, con\u0163inutul total (pentru clase de principii active) frac\u0163iuni pentru eviden\u0163ierea poten\u0163ialului acestor specii \u00een beneficiului s\u0103n\u0103t\u0103\u0163ii;<br \/>\n\u2022 eviden\u0163ierea efectului factorilor de mediu \u015fi a rela\u0163iilor biotice asupra bioproductivit\u0103\u0163ii, produ\u015filor biologic activi, variabilitatea morfo-fitochimic\u0103 la speciile analizate; evaluarea indicilor bioproductivi;<br \/>\n\u2022 elaborarea protocoalelor sau\/\u015fi a tehnologiilor de cultivare;<br \/>\n\u2022 alternative de valorificare sustenabil\u0103 ca parte a strategiilor de conservare adecvate speciilor studiate<\/p>\n<p><u>P<\/u><u>erioada de implementare a proiectului<\/u>: 2013-2014<\/p>\n<p><\/p>\n<p><\/p>","protected":false},"excerpt":{"rendered":"<p>Proiect din cadrul Programului de colaborare bilateral\u0103 \u00eentre Academia de \u015etiin\u0163e a Moldovei \u015fi Autoritatea Na\u0163ional\u0103 pentru Cercetare \u015etiin\u0163ific\u0103 din Rom\u00e2nia. Institu\u0163ii partenere privind implementarea proiectului: Centrul de Cercet\u0103ri Biologice \u201eStejarul\u201d, Piatra Neam\u0163, Rom\u00e2nia Gr\u0103dina Botanic\u0103 (Institut) a Academiei de \u015etiin\u0163e a Moldovei Obiectivul general al proiectului vizeaz\u0103 aspecte privind conservarea \u015fi valorificarea sustenabil\u0103 a&hellip; <br \/> <a class=\"read-more\" href=\"https:\/\/gbni.usm.md\/?page_id=1160\">Cite\u0219te mai mult<\/a><\/p>\n","protected":false},"author":1,"featured_media":0,"parent":0,"menu_order":0,"comment_status":"closed","ping_status":"closed","template":"","meta":{"footnotes":""},"class_list":["post-1160","page","type-page","status-publish","hentry"],"rttpg_featured_image_url":null,"rttpg_author":{"display_name":"","author_link":"https:\/\/gbni.usm.md\/?author=1"},"rttpg_comment":0,"rttpg_category":null,"rttpg_excerpt":"Proiect din cadrul Programului de colaborare bilateral\u0103 \u00eentre Academia de \u015etiin\u0163e a Moldovei \u015fi Autoritatea Na\u0163ional\u0103 pentru Cercetare \u015etiin\u0163ific\u0103 din Rom\u00e2nia. Institu\u0163ii partenere privind implementarea proiectului: Centrul de Cercet\u0103ri Biologice \u201eStejarul\u201d, Piatra Neam\u0163, Rom\u00e2nia Gr\u0103dina Botanic\u0103 (Institut) a Academiei de \u015etiin\u0163e a Moldovei Obiectivul general al proiectului vizeaz\u0103 aspecte privind conservarea \u015fi valorificarea sustenabil\u0103 a&hellip;&hellip;","_links":{"self":[{"href":"https:\/\/gbni.usm.md\/index.php?rest_route=\/wp\/v2\/pages\/1160","targetHints":{"allow":["GET"]}}],"collection":[{"href":"https:\/\/gbni.usm.md\/index.php?rest_route=\/wp\/v2\/pages"}],"about":[{"href":"https:\/\/gbni.usm.md\/index.php?rest_route=\/wp\/v2\/types\/page"}],"author":[{"embeddable":true,"href":"https:\/\/gbni.usm.md\/index.php?rest_route=\/wp\/v2\/users\/1"}],"replies":[{"embeddable":true,"href":"https:\/\/gbni.usm.md\/index.php?rest_route=%2Fwp%2Fv2%2Fcomments&post=1160"}],"version-history":[{"count":2,"href":"https:\/\/gbni.usm.md\/index.php?rest_route=\/wp\/v2\/pages\/1160\/revisions"}],"predecessor-version":[{"id":1164,"href":"https:\/\/gbni.usm.md\/index.php?rest_route=\/wp\/v2\/pages\/1160\/revisions\/1164"}],"wp:attachment":[{"href":"https:\/\/gbni.usm.md\/index.php?rest_route=%2Fwp%2Fv2%2Fmedia&parent=1160"}],"curies":[{"name":"wp","href":"https:\/\/api.w.org\/{rel}","templated":true}]}}