{"id":1857,"date":"2023-05-22T15:09:52","date_gmt":"2023-05-22T12:09:52","guid":{"rendered":"https:\/\/gbni.usm.md\/?page_id=1857"},"modified":"2023-05-22T15:09:52","modified_gmt":"2023-05-22T12:09:52","slug":"echipa-de-cercetatori-lab-plante-tropicale","status":"publish","type":"page","link":"https:\/\/gbni.usm.md\/?page_id=1857","title":{"rendered":"Echipa de cercet\u0103tori lab.Plante Tropicale"},"content":{"rendered":"<p><strong><b>\u0162\u00ceMBAL\u00ce Valentina,\u00a0TODIRA\u015e Natalia,\u00a0ROGACICO\u00a0Sergiu.<\/b><\/strong><\/p>\n<p>&nbsp;<\/p>\n<p><strong><b>\u0162\u00ceMBAL\u00ce Valentina\u00a0<\/b><\/strong>\u00a0\u2013 conferen\u0163iar universitar<\/p>\n<p><img fetchpriority=\"high\" decoding=\"async\" class=\"alignnone size-medium wp-image-1859\" src=\"https:\/\/gbni.usm.md\/wp-content\/uploads\/2023\/05\/Timbali-243x300.jpg\" alt=\"\" width=\"243\" height=\"300\" \/><\/p>\n<p><strong><b>GRAD \u015eTIIN\u0162IFIC<\/b><\/strong><\/p>\n<p>doctor \u00een biologie, specialitatea botanica 03.00.05<br \/>\nCercet\u0103tor \u015ftiin\u0163ific \u00een domeniul introducerii plantelor de teren protejat, amenajarea \u015fi \u00eenverzirea spa\u0163iilor verzi<br \/>\n1985 \u2013 sus\u0163inut\u0103 teza \u201e\u0411\u0438\u043e\u043b\u043e\u0433\u0438\u044f \u0440\u0430\u0437\u0432\u0438\u0442\u0438\u044f \u0438 \u043e\u0441\u043e\u0431\u0435\u043d\u043d\u043e\u0441\u0442\u0438 \u0432\u044b\u0440\u0430\u0449\u0438\u0432\u0430\u043d\u0438\u044f \u0431\u0440\u043e\u043c\u0435\u043b\u0438\u0435\u0432\u044b\u0445 , \u043f\u0435\u0440\u0441\u043f\u0435\u043a\u0442\u0438\u0432\u043d\u044b\u0445 \u0434\u043b\u044f \u043e\u0437\u0435\u043b\u0435\u043d\u0435\u043d\u0438\u044f \u0438\u043d\u0442\u0435\u0440\u044c\u0435\u0440\u043e\u0432\u201d<\/p>\n<p>&nbsp;<\/p>\n<p><strong><b>DIREC\u0162II DE CERCETARE:<\/b><\/strong>\u00a0mobilizarea,cercetarea \u015fi introducerea plantelor tropicale \u015fi subtropicale, amenajarea spa\u0163iilor \u00eenchise.<\/p>\n<p><strong><b>PUBLICA\u0162II:<\/b><\/strong><\/p>\n<ul>\n<li><span style=\"background-color: transparent;\">\u0426\u042b\u041c\u0411\u0410\u041b\u042b \u0412.\u0418. \u041f\u0440\u0435\u0434\u0441\u0442\u0430\u0432\u0438\u0442\u0435\u043b\u0438 \u043e\u0442\u0434\u0435\u043b\u0430 Polypodiophyta \u0432 \u043e\u0440\u0430\u043d\u0436\u0435\u0440\u0435\u0435 \u0411\u043e\u0442\u0430\u043d\u0438\u0447\u0435\u0441\u043a\u043e\u0433\u043e \u0441\u0430\u0434\u0430 (\u0418) \u0410\u041d \u041c\u043e\u043b\u0434\u043e\u0432\u044b. \u0412 \u0412i\u0441\u043d\u0438\u043a \u041a\u0438i\u0432\u0441\u044c\u043a\u043e\u0433\u043e \u041d\u0430\u0446\u0438\u043e\u043d\u0430\u043b\u044c\u043d\u043e\u0433\u043e \u0423\u043di\u0432\u0435\u0440\u0441\u0438\u0442\u0435\u0442\u0443 i\u043c\u0435\u043d\u0438 \u0422.\u0428\u0435\u0432\u0447\u0435\u043d\u043a\u0430. \u0418\u043d\u0442\u0440\u043e\u0434\u0443\u043a\u0446\u0438\u044f \u0442\u0430 \u0437\u0431\u0435\u0440\u0435\u0436\u0435\u043d\u043d\u044f \u0440\u043e\u0441\u043b\u0438\u043d\u043d\u043e\u0433\u043e \u0440i\u0437\u043d\u043e\u043c\u0430\u043di\u0442\u0442\u044f \u041a\u0438i\u0432, 2009,22-24.<\/span><\/li>\n<\/ul>\n<ul>\n<li><span style=\"background-color: transparent;\">\u0426\u042b\u041c\u0411\u0410\u041b\u042b \u0412.\u0418.,\u0420\u041e\u0413\u0410\u0427\u0418\u041a\u041e \u0421.\u0418. \u0413\u0435\u043d\u043e\u0444\u043e\u043d\u0434 \u0440\u0430\u0441\u0442\u0435\u043d\u0438\u0439 \u0437\u0430\u043a\u0440\u044b\u0442\u043e\u0433\u043e \u0433\u0440\u0443\u043d\u0442\u0430 \u0411\u043e\u0442\u0430\u043d\u0438\u0447\u0435\u0441\u043a\u043e\u0433\u043e \u0441\u0430\u0434\u0430 (\u0418) \u0410\u043a\u0430\u0434\u0435\u043c\u0438\u0438 \u043d\u0430\u0443\u043a \u041c\u043e\u043b\u0434\u043e\u0432\u044b. \u041c\u0430\u0442\u0435\u0440i\u0430\u043b\u0438 \u043ci\u0436\u043d\u0430\u0440\u043e\u0434\u043d\u043ei \u043d\u0430\u0443\u043a\u043e\u0432\u043ei \u043a\u043e\u043d\u0444\u0435\u0440\u0435\u043d\u0446ii (10-13 \u0431\u0435\u0440\u0435\u0437\u043d\u044f 2009 \u0440.).\u0417\u0431\u0435\u0440\u0435\u0436\u0435\u043d\u043d\u044f \u0431i\u043e\u0440i\u0437\u043d\u043e\u043c\u0430\u043di\u0442\u0442\u044f \u0442\u0440\u043e\u043fi\u0447\u043d\u0438\u0445 i \u0441\u0443\u0431\u0442\u0440\u043e\u043fi\u0447\u043d\u0438\u0445 \u0440\u043e\u0441\u043b\u0438\u043d, \u041a\u0438i\u0432 , 2009, 91-96<\/span><\/li>\n<\/ul>\n<ul>\n<li><span style=\"background-color: transparent;\">\u0426\u042b\u041c\u0411\u0410\u041b\u042b \u0412.\u0418. \u0420\u0430\u0441\u0442\u0435\u043d\u0438\u044f \u0441\u0435\u043c\u0435\u0439\u0441\u0442\u0432\u0430 Araceae Juss. \u0432 \u043e\u0440\u0430\u043d\u0436\u0435\u0440\u0435\u044f\u0445 \u0411\u043e\u0442\u0430\u043d\u0438\u0447\u0435\u0441\u043a\u043e\u0433\u043e \u0441\u0430\u0434\u0430 (\u0418\u043d\u0441\u0442\u0438\u0442\u0443\u0442\u0430) \u0410\u041d \u041c\u043e\u043b\u0434\u043e\u0432\u044b. \u041c\u0430\u0442\u0435\u0440i\u0430\u043b\u0438 \u043ci\u0436\u043d\u0430\u0440\u043e\u0434\u043d\u043ei \u043a\u043e\u043d\u0444\u0435\u0440\u0435\u043d\u0446ii \u043f\u0440\u0438\u0441\u0432\u044f\u0447\u0435\u043d\u043d\u043ei 75-\u0440i\u0447\u0447\u044e \u0437\u0430\u0441\u043d\u0443\u0432\u0430\u043d\u043d\u044f \u041d\u0430\u0446i\u043e\u043d\u0430\u043b\u044c\u043d\u043e\u0433\u043e \u0431\u043e\u0442\u0430\u043di\u0447\u043d\u043e\u0433\u043e \u0441\u0430\u0434\u0443 i\u043c.\u041c.\u041c.\u0413\u0440\u0438\u0448\u043a\u0430 \u041d\u0410\u041d \u0423\u043a\u0440\u0430i\u043d\u0438, 15-17 \u0432\u0435\u0440\u0435\u0441\u043d\u044f 2010 \u0440. \u041a\u0438i\u0432, 2010, 334-335, ISBN 978-966-306-147-6.<\/span><\/li>\n<\/ul>\n<ul>\n<li><span style=\"background-color: transparent;\">\u0162\u00ceMBAL\u00ce V. Unele aspecte ale introducerii plantelor de teren protejat \u00een Gr\u0103dina Botanic\u0103 (Institut) a A.\u015e.M. Materialele Simpozionului \u015ftiin\u0163ific interna\u0163ional \u201eConservarea diversit\u0103\u0163ii plantelor\u201d consacrat anivers\u0103rii a 60-a de la fondarea Gr\u0103dinii Botanice (Institut ) a Academiei de \u015ftiin\u0163e a Moldovei , 7-9 octombrie 2010, Chi\u015fin\u0103u,2010,466-469, ISBN 978-9975-105-42-2.<\/span><\/li>\n<\/ul>\n<p><strong><b>E-mail:<\/b><\/strong>\u00a0valentina_timbali @rambler.ru<\/p>\n<p>&nbsp;<\/p>\n<p>&nbsp;<\/p>\n<p><strong><b>TODIRA\u015e Natalia<\/b><\/strong>\u00a0&#8211; conferen\u0163iar universitar<\/p>\n<p><img decoding=\"async\" class=\"alignnone size-medium wp-image-1860\" src=\"https:\/\/gbni.usm.md\/wp-content\/uploads\/2023\/05\/Todiras-243x300.jpg\" alt=\"\" width=\"243\" height=\"300\" \/><\/p>\n<p><strong><b>GRAD \u015eTIIN\u0162IFIC<\/b><\/strong><\/p>\n<p>doctor \u00een biologie, specialitatea botanica 03.00.05<br \/>\nCercet\u0103tor \u015ftiin\u0163ific \u00een domeniul introducerii plantelor de teren protejat, amenajarea \u015fi \u00eenverzirea spa\u0163iilor verzi<br \/>\n1991-sus\u0163inut\u0103 teza de doctor \u00een biologie la tema: \u201e\u0418\u043d\u0442\u0440\u043e\u0434\u0443\u043a\u0446\u0438\u044f \u0432\u0438\u0434\u043e\u0432 \u0440\u043e\u0434\u0430 \u043f\u0435\u043f\u0435\u0440\u043e\u043c\u0438\u044f \u0432 \u0437\u0430\u043a\u0440\u044b\u0442\u044b\u0439 \u0433\u0440\u0443\u043d\u0442 \u0440\u0435\u0441\u043f\u0443\u0431\u043b\u0438\u043a\u0438 \u041c\u043e\u043b\u0434\u043e\u0432\u0430\u00bb.<\/p>\n<p>&nbsp;<\/p>\n<p><strong><b>DIREC\u0162II DE CERCETARE<\/b><\/strong>: mobilizarea, cercetarea \u015fi introducerea plantelor tropicale \u015fi subtropicale, amenajarea spa\u0163iilor \u00eenchise.<\/p>\n<p>&nbsp;<\/p>\n<p><strong><b>PUBLICA\u0162II:<\/b><\/strong><\/p>\n<ul>\n<li>\u0422\u041e\u0414\u0418\u0420\u0410\u0428 \u041d.\u0410. \u041f\u0435\u0440\u0441\u043f\u0435\u043a\u0442\u0438\u0432\u044b \u0438\u0441\u043f\u043e\u043b\u044c\u0437\u043e\u0432\u0430\u043d\u0438\u044f Impatiens waleriana Hook. \u0412 \u043e\u0442\u043a\u0440\u044b\u0442\u043e\u043c \u0433\u0440\u0443\u043d\u0442\u0435 \u0420\u0435\u0441\u043f\u0443\u0431\u043b\u0438\u043a\u0438 \u041c\u043e\u043b\u0434\u043e\u0432\u0430. \u041c\u0430\u0442\u0435\u0440\u0438\u0430\u043b\u044b IV \u043c\u0435\u0436\u0434\u0443\u043d\u0430\u0440\u043e\u0434\u043d\u043e\u0439 \u043d\u0430\u0443\u0447\u043d\u043e-\u043f\u0440\u0430\u043a\u0442\u0438\u0447\u0435\u0441\u043a\u043e\u0439 \u043a\u043e\u043d\u0444\u0435\u0440\u0435\u043d\u0446\u0438\u0438. \u0423\u0440\u0431\u043e\u044d\u043a\u043e\u0441\u0438\u0441\u0442\u0435\u043c\u044b: \u041f\u0440\u043e\u0431\u043b\u0435\u043c\u044b \u0438 \u043f\u0435\u0440\u0441\u043f\u0435\u043a\u0442\u0438\u0432\u044b \u0440\u0430\u0437\u0432\u0438\u0442\u0438\u044f. \u0418\u0448\u0438\u043c ,2009, 235-237.<\/li>\n<li>\u0422\u041e\u0414\u0418\u0420\u0410\u0428 \u041d.\u0410. \u041e\u0441\u043e\u0431\u0435\u043d\u043d\u043e\u0441\u0442\u0438 \u0441\u0435\u043c\u0435\u043d\u043d\u043e\u0433\u043e \u0440\u0430\u0437\u043c\u043d\u043e\u0436\u0435\u043d\u0438\u044f \u0438 \u0440\u0430\u0437\u0432\u0438\u0442\u0438\u044f \u043c\u043e\u043b\u043e\u0434\u044b\u0445 \u0440\u0430\u0441\u0442\u0435\u043d\u0438\u0439 \u0413\u043b\u043e\u0442\u0442\u0438\u0444\u0438\u043b\u043b\u044e\u043c\u0430 (Glottiphyllum Haw.) \u0432 \u0444\u043e\u043d\u0434\u043e\u0432\u043e\u0439 \u043e\u0440\u0430\u043d\u0436\u0435\u0440\u0435\u0435 \u0411\u043e\u0442\u0430\u043d\u0438\u0447\u0435\u0441\u043a\u043e\u0433\u043e \u0441\u0430\u0434\u0430 \u0410\u041d \u0420\u041c. \u041c\u0430\u0442\u0435\u0440i\u0430\u043b\u0438 \u043ci\u0436\u043d\u0430\u0440\u043e\u0434\u043d\u043ei \u043a\u043e\u043d\u0444\u0435\u0440\u0435\u043d\u0446ii \u043f\u0440\u0438\u0441\u0432\u044f\u0447\u0435\u043d\u043d\u043ei 75-\u0440i\u0447\u0447\u044e \u0437\u0430\u0441\u043d\u0443\u0432\u0430\u043d\u043d\u044f \u041d\u0430\u0446i\u043e\u043d\u0430\u043b\u044c\u043d\u043e\u0433\u043e \u0431\u043e\u0442\u0430\u043di\u0447\u043d\u043e\u0433\u043e \u0441\u0430\u0434\u0443 i\u043c.\u041c.\u041c.\u0413\u0440\u0438\u0448\u043a\u0430 \u041d\u0410\u041d \u0423\u043a\u0440\u0430i\u043d\u0438, 15-17 \u0432\u0435\u0440\u0435\u0441\u043d\u044f 2010 \u0440. \u041a\u0438i\u0432, 2010, 118-119, ISBN 978-966-306-147-6.<\/li>\n<li>\u0422\u041e\u0414\u0418\u0420\u0410\u0428 \u041d.\u0410. \u041a\u043e\u043b\u043b\u0435\u043a\u0446\u0438\u044f \u043f\u0440\u0435\u0434\u0441\u0442\u0430\u0432\u0438\u0442\u0435\u043b\u0435\u0439 \u0440\u043e\u0434\u0430 \u0425\u0430\u0432\u043e\u0440\u0442\u0438\u044f (Hawortia Haw.) \u0432 \u0411\u043e\u0442\u0430\u043d\u0438\u0447\u0435\u0441\u043a\u043e\u043c \u0441\u0430\u0434\u044b \u0410\u041d \u041c\u043e\u043b\u0434\u043e\u0432\u044b. Academicianul P.M.Zhukovskii \u2013 120 ani:Culegere de articole Eco-Tiras, Chi\u015fin\u0103u \u2013 2008, 136 \u2013 138<\/li>\n<li>\u0422\u041e\u0414\u0418\u0420\u0410\u0428 \u041d.\u0410. Cataranthus roseus G.Don: \u041e\u043f\u044b\u0442 \u0438\u0441\u043f\u043e\u043b\u044c\u0437\u043e\u0432\u0430\u043d\u0438\u044f \u0432 \u043e\u0437\u0435\u043b\u0435\u043d\u0435\u043d\u0438\u0438 \u043e\u0442\u043a\u0440\u044b\u0442\u043e\u0433\u043e \u0433\u0440\u0443\u043d\u0442\u0430 \u0432 \u0443\u0441\u043b\u043e\u0432\u0438\u044f\u0445 \u041c\u043e\u043b\u0434\u043e\u0432\u044b. \u041c\u0430\u0442\u0435\u0440\u0438\u0430\u043b\u044b Y \u041c\u0435\u0436\u0434\u0443\u043d\u0430\u0440\u043e\u0434\u043d\u043e\u0439 \u043d\u0430\u0443\u0447\u043d\u043e-\u043f\u0440\u0430\u043a\u0442\u0438\u0447\u0435\u0441\u043a\u043e\u0439 \u043a\u043e\u043d\u0444\u0435\u0440\u0435\u043d\u0446\u0438\u0438 \u0443\u0440\u0431\u043e\u044d\u043a\u043e\u0441\u0438\u0441\u0442\u0435\u043c\u044b::\u041f\u0440\u043e\u0431\u043b\u0435\u043c\u044b \u0438 \u043f\u0435\u0440\u0441\u043f\u0435\u043a\u0442\u0438\u0432\u044b \u0440\u0430\u0437\u0432\u0438\u0442\u0438\u044f, \u0418\u0448\u0438\u043c, 25-26 \u043c\u0430\u0440\u0442\u0430, 2010, 110-111, ISBN -978-5-91307-109-5.<\/li>\n<li>\u0422\u041e\u0414\u0418\u0420\u0410\u0428 .\u041d \u041f\u0440\u0435\u0434\u0441\u0442\u0430\u0432\u0438\u0442\u0435\u043b\u0438 \u0440\u043e\u0434\u0430 \u0433\u0430\u0441\u0442\u0435\u0440\u0438\u044f (Gasteria Duval.) \u0432 \u043a\u043e\u043b\u043b\u0435\u043a\u0446\u0438\u044f\u0445 \u0444\u043e\u043d\u0434\u043e\u0432\u043e\u0439 \u043e\u0440\u0430\u043d\u0436\u0435\u0440\u0438 \u0411\u043e\u0442\u0430\u043d\u0438\u0447\u0435\u0441\u043a\u043e\u0433\u043e \u0441\u0430\u0434\u0430 \u0410\u043a\u0430\u0434\u0435\u043c\u0438\u0438 \u043d\u0430\u0443\u043a \u041c\u043e\u043b\u0434\u043e\u0432\u044b . Materialele Simpozionului \u015ftiin\u0163ific interna\u0163ional \u201eConservarea diversit\u0103\u0163ii plantelor\u201d consacrat anivers\u0103rii a 60-a de la fondarea Gr\u0103dinii Botanice (Institut ) a Academiei de \u015ftiin\u0163e a Moldovei , 7-9 octombrie 2010, Chi\u015fin\u0103u,2010,561-564, ISBN 978-9975-105-42-2<\/li>\n<\/ul>\n<p>&nbsp;<\/p>\n<p><strong><b>ROGACICO\u00a0Sergiu<\/b><\/strong>\u00a0\u2013 cercet\u0103tor \u015ftiin\u0163ific stagiar.<\/p>\n<p><img decoding=\"async\" class=\"alignnone size-medium wp-image-1858\" src=\"https:\/\/gbni.usm.md\/wp-content\/uploads\/2023\/05\/Rogacico-240x300.jpg\" alt=\"\" width=\"240\" height=\"300\" \/><\/p>\n<p><strong><b>DIREC\u0162II DE CERCETARE:<\/b><\/strong>\u00a0introducerea plantelor suculente, amenajarea spa\u0163iilor \u00eenchise \u015fi \u00een aer liber.<\/p>\n<p>&nbsp;<\/p>\n<p><strong><b>PUBLICA\u0162II:<\/b><\/strong><\/p>\n<ul>\n<li>\u0162\u00ceMBAL\u00ce V.,ROGACICO S. Introducerea genului Mammillaria Haw. \u00cen Gr\u0103dina Botanic\u0103 a A\u015eM. Academicianul P.M.Zhukovskii \u2013 120 ani:Culegere de articole Eco-Tiras, Chi\u015fin\u0103u \u2013 2008, 142- 144.<\/li>\n<li>\u0162\u00ceMBAL\u00ce V:; ROGACICO S:; GU\u015eANOVA V. \u00cenmul\u0163irea prin semin\u0163e la plantele din fam.Cactaceae Juss. \u00een Gr\u0103dina Botanic\u0103 (Institut) a A.\u015e.M. Materialele Simpozionului \u015ftiin\u0163ific interna\u0163ional \u201eConservarea diversit\u0103\u0163ii plantelor\u201d consacrat anivers\u0103rii a 60-a de la fondarea Gr\u0103dinii Botanice (Institut ) a Academiei de \u015ftiin\u0163e a Moldovei , 7-9 octombrie 2010, Chi\u015fin\u0103u,2010,470-473, ISBN 978-9975-105-42-2.<\/li>\n<\/ul>\n<p>&nbsp;<\/p>\n<p><strong><b>E-mail:<\/b><\/strong>\u00a0sergiu_rogacko@yahoo.com<\/p>\n<p>&nbsp;<\/p>\n","protected":false},"excerpt":{"rendered":"<p>\u0162\u00ceMBAL\u00ce Valentina,\u00a0TODIRA\u015e Natalia,\u00a0ROGACICO\u00a0Sergiu. &nbsp; \u0162\u00ceMBAL\u00ce Valentina\u00a0\u00a0\u2013 conferen\u0163iar universitar GRAD \u015eTIIN\u0162IFIC doctor \u00een biologie, specialitatea botanica 03.00.05 Cercet\u0103tor \u015ftiin\u0163ific \u00een domeniul introducerii plantelor de teren protejat, amenajarea \u015fi \u00eenverzirea spa\u0163iilor verzi 1985 \u2013 sus\u0163inut\u0103 teza \u201e\u0411\u0438\u043e\u043b\u043e\u0433\u0438\u044f \u0440\u0430\u0437\u0432\u0438\u0442\u0438\u044f \u0438 \u043e\u0441\u043e\u0431\u0435\u043d\u043d\u043e\u0441\u0442\u0438 \u0432\u044b\u0440\u0430\u0449\u0438\u0432\u0430\u043d\u0438\u044f \u0431\u0440\u043e\u043c\u0435\u043b\u0438\u0435\u0432\u044b\u0445 , \u043f\u0435\u0440\u0441\u043f\u0435\u043a\u0442\u0438\u0432\u043d\u044b\u0445 \u0434\u043b\u044f \u043e\u0437\u0435\u043b\u0435\u043d\u0435\u043d\u0438\u044f \u0438\u043d\u0442\u0435\u0440\u044c\u0435\u0440\u043e\u0432\u201d &nbsp; DIREC\u0162II DE CERCETARE:\u00a0mobilizarea,cercetarea \u015fi introducerea plantelor tropicale \u015fi subtropicale,&hellip; <br \/> <a class=\"read-more\" href=\"https:\/\/gbni.usm.md\/?page_id=1857\">Cite\u0219te mai mult<\/a><\/p>\n","protected":false},"author":1,"featured_media":0,"parent":0,"menu_order":0,"comment_status":"closed","ping_status":"closed","template":"","meta":{"footnotes":""},"class_list":["post-1857","page","type-page","status-publish","hentry"],"rttpg_featured_image_url":null,"rttpg_author":{"display_name":"","author_link":"https:\/\/gbni.usm.md\/?author=1"},"rttpg_comment":0,"rttpg_category":null,"rttpg_excerpt":"\u0162\u00ceMBAL\u00ce Valentina,\u00a0TODIRA\u015e Natalia,\u00a0ROGACICO\u00a0Sergiu. &nbsp; \u0162\u00ceMBAL\u00ce Valentina\u00a0\u00a0\u2013 conferen\u0163iar universitar GRAD \u015eTIIN\u0162IFIC doctor \u00een biologie, specialitatea botanica 03.00.05 Cercet\u0103tor \u015ftiin\u0163ific \u00een domeniul introducerii plantelor de teren protejat, amenajarea \u015fi \u00eenverzirea spa\u0163iilor verzi 1985 \u2013 sus\u0163inut\u0103 teza \u201e\u0411\u0438\u043e\u043b\u043e\u0433\u0438\u044f \u0440\u0430\u0437\u0432\u0438\u0442\u0438\u044f \u0438 \u043e\u0441\u043e\u0431\u0435\u043d\u043d\u043e\u0441\u0442\u0438 \u0432\u044b\u0440\u0430\u0449\u0438\u0432\u0430\u043d\u0438\u044f \u0431\u0440\u043e\u043c\u0435\u043b\u0438\u0435\u0432\u044b\u0445 , \u043f\u0435\u0440\u0441\u043f\u0435\u043a\u0442\u0438\u0432\u043d\u044b\u0445 \u0434\u043b\u044f \u043e\u0437\u0435\u043b\u0435\u043d\u0435\u043d\u0438\u044f \u0438\u043d\u0442\u0435\u0440\u044c\u0435\u0440\u043e\u0432\u201d &nbsp; DIREC\u0162II DE CERCETARE:\u00a0mobilizarea,cercetarea \u015fi introducerea plantelor tropicale \u015fi subtropicale,&hellip;&hellip;","_links":{"self":[{"href":"https:\/\/gbni.usm.md\/index.php?rest_route=\/wp\/v2\/pages\/1857","targetHints":{"allow":["GET"]}}],"collection":[{"href":"https:\/\/gbni.usm.md\/index.php?rest_route=\/wp\/v2\/pages"}],"about":[{"href":"https:\/\/gbni.usm.md\/index.php?rest_route=\/wp\/v2\/types\/page"}],"author":[{"embeddable":true,"href":"https:\/\/gbni.usm.md\/index.php?rest_route=\/wp\/v2\/users\/1"}],"replies":[{"embeddable":true,"href":"https:\/\/gbni.usm.md\/index.php?rest_route=%2Fwp%2Fv2%2Fcomments&post=1857"}],"version-history":[{"count":1,"href":"https:\/\/gbni.usm.md\/index.php?rest_route=\/wp\/v2\/pages\/1857\/revisions"}],"predecessor-version":[{"id":1861,"href":"https:\/\/gbni.usm.md\/index.php?rest_route=\/wp\/v2\/pages\/1857\/revisions\/1861"}],"wp:attachment":[{"href":"https:\/\/gbni.usm.md\/index.php?rest_route=%2Fwp%2Fv2%2Fmedia&parent=1857"}],"curies":[{"name":"wp","href":"https:\/\/api.w.org\/{rel}","templated":true}]}}