{"id":842,"date":"2023-05-10T11:15:35","date_gmt":"2023-05-10T08:15:35","guid":{"rendered":"https:\/\/gbni.usm.md\/?page_id=842"},"modified":"2023-05-10T11:43:19","modified_gmt":"2023-05-10T08:43:19","slug":"proiecte","status":"publish","type":"page","link":"https:\/\/gbni.usm.md\/?page_id=842","title":{"rendered":"Proiecte"},"content":{"rendered":"<p><\/p>\n<div class=\"content clear-block\">\n<div class=\"content clear-block\">\n<ul>\n<li><strong>Na\u0163ionale<\/strong><\/li>\n<li><a href=\"https:\/\/gbni.usm.md\/?page_id=846\"><strong>Interna\u0163ionale<\/strong><\/a><\/li>\n<li><strong>De inovare \u015fi transfer tehnologic<\/strong><\/li>\n<\/ul>\n<\/div>\n<\/div>\n<p><\/p>","protected":false},"excerpt":{"rendered":"<p>Na\u0163ionale Interna\u0163ionale De inovare \u015fi transfer tehnologic<\/p>\n","protected":false},"author":1,"featured_media":0,"parent":0,"menu_order":0,"comment_status":"closed","ping_status":"closed","template":"","meta":{"footnotes":""},"class_list":["post-842","page","type-page","status-publish","hentry"],"rttpg_featured_image_url":null,"rttpg_author":{"display_name":"","author_link":"https:\/\/gbni.usm.md\/?author=1"},"rttpg_comment":0,"rttpg_category":null,"rttpg_excerpt":"Na\u0163ionale Interna\u0163ionale De inovare \u015fi transfer tehnologic","_links":{"self":[{"href":"https:\/\/gbni.usm.md\/index.php?rest_route=\/wp\/v2\/pages\/842","targetHints":{"allow":["GET"]}}],"collection":[{"href":"https:\/\/gbni.usm.md\/index.php?rest_route=\/wp\/v2\/pages"}],"about":[{"href":"https:\/\/gbni.usm.md\/index.php?rest_route=\/wp\/v2\/types\/page"}],"author":[{"embeddable":true,"href":"https:\/\/gbni.usm.md\/index.php?rest_route=\/wp\/v2\/users\/1"}],"replies":[{"embeddable":true,"href":"https:\/\/gbni.usm.md\/index.php?rest_route=%2Fwp%2Fv2%2Fcomments&post=842"}],"version-history":[{"count":5,"href":"https:\/\/gbni.usm.md\/index.php?rest_route=\/wp\/v2\/pages\/842\/revisions"}],"predecessor-version":[{"id":888,"href":"https:\/\/gbni.usm.md\/index.php?rest_route=\/wp\/v2\/pages\/842\/revisions\/888"}],"wp:attachment":[{"href":"https:\/\/gbni.usm.md\/index.php?rest_route=%2Fwp%2Fv2%2Fmedia&parent=842"}],"curies":[{"name":"wp","href":"https:\/\/api.w.org\/{rel}","templated":true}]}}